ber?
False
Is 1241 a prime number?
False
Is 2559 composite?
True
Is 41981 a prime number?
True
Is 95674 a composite number?
True
Is 750701 a prime number?
False
Is 227135 a prime number?
False
Is 139411 prime?
False
Is 479357 prime?
True
Is 164471 a composite number?
False
Is 185059 a prime number?
False
Is 22611 composite?
True
Is 393607 prime?
False
Is 15497 prime?
True
Is 28738 a prime number?
False
Is 18479 a composite number?
True
Is 389839 a prime number?
True
Is 153742 prime?
False
Is 432491 composite?
False
Is 1959 prime?
False
Is 88079 prime?
True
Is 164767 composite?
False
Is 8191 prime?
True
Is 794059 a prime number?
False
Is 49081 prime?
True
Is 44819 a prime number?
True
Is 457873 a prime number?
False
Is 141157 a composite number?
False
Is 750509 a prime number?
True
Is 123911 prime?
True
Is 142797 composite?
True
Is 18617 prime?
True
Is 2448365 a composite number?
True
Is 45817 a prime number?
True
Is 89077 prime?
False
Is 4783 a composite number?
False
Is 5791 a prime number?
True
Is 2453 prime?
False
Is 1291271 prime?
True
Is 51991 composite?
False
Is 1543 prime?
True
Is 25183 prime?
True
Is 47491 a composite number?
False
Is 130443 a composite number?
True
Is 108622 a prime number?
False
Is 4105 a prime number?
False
Is 7411 a composite number?
False
Is 59569 a composite number?
True
Is 1909 composite?
True
Is 88741 a composite number?
False
Is 1092629 a prime number?
True
Is 22189 prime?
True
Is 137461 a composite number?
True
Is 74153 a prime number?
False
Is 109037 composite?
False
Is 2161 a prime number?
True
Is 242365 a composite number?
True
Is 357967 prime?
True
Is 25565 a composite number?
True
Is 2265551 a composite number?
False
Is 175493 a composite number?
False
Is 3073657 prime?
True
Is 326461 a composite number?
True
Is 160793 a prime number?
False
Is 7961 a prime number?
False
Is 107897 a composite number?
False
Is 45281 a prime number?
True
Is 3089 prime?
True
Is 32329 composite?
True
Is 187307 a composite number?
True
Is 574241 composite?
True
Is 13523 a prime number?
True
Is 234053 a prime number?
False
Is 13835 a prime number?
False
Is 8419 composite?
False
Is 2180755 a prime number?
False
Is 132929 prime?
True
Is 10473 a composite number?
True
Is 88421 composite?
True
Is 12437 a composite number?
False
Is 145303 composite?
False
Is 30449 composite?
False
Is 4803 a composite number?
True
Is 43685 prime?
False
Is 835 composite?
True
Is 456581 a composite number?
False
Is 37781 prime?
True
Is 820013 composite?
True
Is 45233 prime?
True
Is 6161 a composite number?
True
Is 1291 a prime number?
True
Is 39685 prime?
False
Is 77149 composite?
True
Is 815317 a composite number?
False
Is 15551 a prime number?
True
Is 47539 composite?
True
Is 495223 composite?
True
Is 121777 prime?
False
Is 2226433 composite?
True
Is 424229 prime?
False
Is 14777 a prime number?
False
Is 18087 a composite number?
True
Is 1038913 a prime number?
True
Is 29837 a prime number?
True
Is 714167 composite?
True
Is 15253 prime?
False
Is 649 a composite number?
True
Is 831239 composite?
False
Is 8083 a prime number?
False
Is 1778299 a prime number?
True
Is 37063 a composite number?
True
Is 38123 a prime number?
False
Is 3989 prime?
True
Is 282049 a prime number?
False
Is 20851 a composite number?
True
Is 82019 prime?
False
Is 436801 a prime number?
True
Is 14167 prime?
False
Is 4621 a prime number?
True
Is 33095 prime?
False
Is 2371 prime?
True
Is 70667 a prime number?
True
Is 99973 a composite number?
True
Is 5269 prime?
False
Is 13021 a prime number?
False
Is 5155 prime?
False
Is 51407 a prime number?
True
Is 31677 prime?
False
Is 233641 prime?
True
Is 149398 composite?
True
Is 399401 composite?
False
Is 25013 a prime number?
True
Is 27031 a prime number?
True
Is 97459 composite?
False
Is 21263 prime?
False
Is 11677 prime?
True
Is 10810507 a composite number?
False
Is 9227 prime?
True
Is 117926 composite?
True
Is 55429 a prime number?
False
Is 3037 composite?
False
Is 533509 a composite number?
False
Is 294383 a composite number?
False
Is 981523 a composite number?
False
Is 48647 a prime number?
True
Is 193133 a prime number?
True
Is 13217 composite?
False
Is 573437 a composite number?
False
Is 18391 a prime number?
False
Is 38953 prime?
True
Is 7177 a prime number?
True
Is 322667 a composite number?
True
Is 190745 prime?
False
Is 174851 a composite number?
False
Is 57983 prime?
False
Is 39205 a prime number?
False
Is 127349 a composite number?
True
Is 4853 composite?
True
Is 51715 a composite number?
True
Is 445313 a composite number?
True
Is 24781 prime?
True
Is 167521 prime?
True
Is 735803 a prime number?
False
Is 272797 a composite number?
True
Is 803 prime?
False
Is 5923 a prime number?
True
Is 50489 a prime number?
False
Is 10529 composite?
False
Is 5604155 prime?
False
Is 5497 prime?
False
Is 49163 composite?
True
Is 175247 composite?
True
Is 1795 a composite number?
True
Is 22579 composite?
True
Is 1326683 a prime number?
True
Is 259099 composite?
False
Is 3719 composite?
False
Is 3787 composite?
True
Is 420029 composite?
False
Is 121827 prime?
False
Is 366539 a composite number?
True
Is 176153 composite?
False
Is 1166389 prime?
False
Is 40202 prime?
False
Is 5033 composite?
True
Is 36383 a composite number?
False
Is 5533 composite?
True
Is 4091 prime?
True
Is 519931 composite?
False
Is 26327 a prime number?
False
Is 4821 prime?
False
Is 256007 prime?
False
Is 1551677 composite?
False
Is 98545 a composite number?
True
Is 355697 prime?
True
Is 87 composite?
True
Is 9287 a prime number?
False
Is 109946 prime?
False
Is 71233 prime?
True
Is 16519 a prime number?
True
Is 29485 a prime number?
False
Is 40259 a prime number?
False
Is 178019 a prime number?
False
Is 309433 a composite number?
False
Is 21929 a composite number?
False
Is 139817 prime?
False
Is 5937 composite?
True
Is 373823 prime?
True
Is 41719 composite?
False
Is 962837 a prime number?
True
Is 31451 prime?
False
Is 12653 a prime number?
True
Is 38593 composite?
False
Is 1573339 a composite number?
False
Is 127829 prime?
False
Is 2653 a composite number?
True
Is 5839 a prime number?
True
Is 85297 a composite number?
False
Is 944429 a prime number?
True
Is 145643 composite?
False
Is 581 composite?
True
Is 107083 a prime number?
False
Is 5711 composite?
False
Is 139511 a composite number?
False
Is 84679 prime?
False
Is 719 prime?
True
Is 218357 a composite number?
False
Is 40609 a composite number?
False
Is 36383 a composite number?
False
Is 15727 composite?
False
Is 250261 prime?
False
Is 25549 a prime number?
False
Is 131581 prime?
True
Is 22261 a composite number?
True
Is 127807 a prime number?
True
Is 105321 a composite number?
True
Is 2917 prime?
True
Is 90983 prime?
False
Is 33661 prime?
False
Is 3761 a composite number?
False
Is 15653 a prime number?
False
Is 15699 a prime number?
False
Is 37081 a composite number?
True
Is 630299 prime?
True
Is 38107 composite?
True
Is 1912745 prime?
False
Is 4201 prime?
True
Is 4547 prime?
True
Is 168211 a composite number?
False
Is 55373 prime?
True
Is 589349 prime?
True
Is 9773 a composite number?
True
Is 53 a prime number?
True
Is 47731 a composite number?
True
Is 18583 composite?
False
Is 7679 prime?
False
Is 203 composite?
True
Is 1040453 prime?
False
Is 1152937 a prime number?
True
Is 635 composite?
True
Is 5561 a composite number?
True
Is 27139 composite?
True
Is 2161 composite?
False
Is 25219 a composite number?
False
Is 7901 composite?
False
Is 9011 a prime number?
True
Is 33043 prime?
False
Is 35038 a prime number?
False
Is 64039 a prime number?
False
Is 1978183 a composite number?
True
Is 11903 composite?
False
Is 11299 composite?
False
Is 1883 prime?
False
Is 265649 composite?
True
Is 7507 prime?
True
Is 716219 a composite number?
True
Is 19898 composite?
True
Is 26231 prime?
False
Is 5773 composite?
True
Is 182321 a composite number?
True
Is 752699 prime?
True
Is 258529 composite?
True
Is 466595 prime?
False
Is 1628047 prime?
False
Is 4701 prime?
False
Is 1525781 a prime number?
True
Is 71353 a prime number?
True
Is 20257 composite?
True
Is 479 prime?
True
Is 683437 composite?
False
Is 196861 prime?
False
Is 16477 a composite number?
False
Is 662555 composite?
True
Is 335219 prime?
False
Is 921697 composite?
True
Is 382